s(u) = u**3 + 18*u**2 - 3*u. List the prime factors of s(w).
2, 3
Suppose 215*j - 9*j + 836762 = 2640086. List the prime factors of j.
2, 3, 1459
Let i(v) = -3*v + 2. Let d be (2/(-6))/((-17)/102). Let u be i(d). What are the prime factors of (-2678)/(-18) + u/(-18) - 0?
149
Let d be (2/2 - 1)/2. Suppose -37*v - 279 = -x - 35*v, 0 = 5*x - 5*v - 1395. Suppose d*b + x = 3*b. List the prime factors of b.
3, 31
Let j be 4 - (-16)/(3 + -7). Suppose j = 5*x + u - 2640, -x + 0*x - u = -524. What are the prime factors of x?
23
Let n(x) = -x**2 - 10*x - 45. Let w be n(-7). What are the prime factors of 4/(w/9)*4228/(-14)?
3, 151
Let g be (13/2)/(5 + (-27)/6). Suppose 19*n - g*n = 42. Let x(u) = 5*u - 1. What are the prime factors of x(n)?
2, 17
Let o(l) = -l**3 + 24*l**2 + 561*l + 35. List the prime factors of o(28).
7, 1801
Suppose 5*v - 2*s - 3053 = 0, 9*v - 6*v = -2*s + 1835. Suppose 7*d - 2*d + 502 = 4*c, 5*c + 2*d = v. What are the prime factors of c?
3, 41
Suppose 4*t - 5*v - 161885 + 51231 = 0, v - 6 = 0. What are the prime factors of t?
7, 59, 67
Let r(t) = 9*t**3 - 3*t**2 - 10*t + 21. Let c be (-7 - -2 - 4)*(-1)/3. What are the prime factors of r(c)?
3, 23
Let w(v) = 2*v**3 - 12*v**2 + 3*v - 11. What are the prime factors of w(10)?
3, 7, 13
Let m(h) = 54*h**2 + 7*h - 6. Let x be 3/(-6) + -3 + (-6)/(-4). Let i = x - -3. What are the prime factors of m(i)?
5, 11
Let x(k) = -k**2 - 5*k + 2. Let y be x(-7). Let j = y + 13. List the prime factors of -6*2/(-6) - (-192)/j.
2, 97
Let b = 13458 - 6656. Let c = b - 10481. What are the prime factors of c/(-52) + -1 + (-5)/(-4)?
71
List the prime factors of -1 + 14908*(-45)/(-36).
2, 7, 11
Let c(l) = 263*l**2 + 6*l - 43. List the prime factors of c(5).
2, 17, 193
Let h(c) = c**3 - 13*c**2 - c + 23. Let t be h(16). Let s = t + 922. What are the prime factors of s?
1697
Let f = -82 - -82. Suppose 0*i + 3*i = m - 23, 5*m + 5*i - 115 = f. List the prime factors of (-14)/(-8)*(m - (2 + -7)).
7
Let g(d) = -98*d + 15. Let w be g(-19). Suppose -347 = 5*x - w. Suppose -315 = -3*v + x. List the prime factors of v.
3, 23
Suppose -3*s = -g + 16, -2*s + 3*s + 2 = -3*g. Let q(v) = -2*v + 7. Let d(b) = -3*b + 11. Let h(r) = s*d(r) + 8*q(r). List the prime factors of h(-7).
2
Suppose 3*n + 8*q - 175 = 3*q, 5*n - q = 273. What are the prime factors of (-4)/10 + 7062/n?
2
Suppose 42*r = 45*r - 18. List the prime factors of 120/r*(-847)/(-44).
5, 7, 11
Let p be ((-6)/(-8))/((-12)/(-48)) - -215. Suppose y + p = 3*y. List the prime factors of y.
109
Let h = 91 - 83. Suppose 605 = h*r - 915. What are the prime factors of r?
2, 5, 19
Let f(s) = s**3 + 12*s**2 - 27*s + 17. Let i be f(-14). Suppose -r = -3*l - 119, i*r - 17*l + 18*l = 397. What are the prime factors of r?
131
Let f(i) = 61*i**2 + 11*i + 3. Let a(m) = 21*m**2 + 4*m + 1. Let q(t) = -8*a(t) + 3*f(t). Suppose 0*x = 2*x + 4. What are the prime factors of q(x)?
59
Let h(g) = -2*g**3 + 3*g**2 + 7*g + 1. Let v be h(-9). Suppose -n = -u - 14, -5*n + 3*u = 8*u - 30. Suppose n*j - v = -j. What are the prime factors of j?
149
Suppose -11*v = -29 + 7. Suppose 3*w + w - 2*h = 24, 16 = 4*w + v*h. Suppose -3*i + w*i = 5*p - 902, 2*i = -2*p + 358. List the prime factors of p.
2, 3, 5
Let a = -26 - -53. Suppose -3*l = -33 + a. Suppose p + l*z - 49 = 0, 3*z - 173 + 26 = -3*p. What are the prime factors of p?
7
Suppose q - 37*g = -34*g + 50073, 150247 = 3*q + 5*g. What are the prime factors of q?
3, 16693
Suppose 3*l - 6*l - 24 = -3*x, 14 = -4*l - 5*x. What are the prime factors of (297/(-132))/(l/416)?
2, 3, 13
Suppose -5*i + 2*y + 914 = -3*i, 0 = -i + 3*y + 465. List the prime factors of i.
3, 151
Let j = 474 - 306. Suppose -m - 8 = -0*n + 2*n, -5*n = 20. Suppose m*k + 3*k - j = 0. What are the prime factors of k?
2, 7
Let d(u) = 20*u**3 + 3*u**2 - 5*u - 7. Suppose -33*q = -24*q - 27. List the prime factors of d(q).
5, 109
Let g = 80 - 81. What are the prime factors of g + 10/8 - 11517/(-44)?
2, 131
Let z be (0 + -4690)*56/(-112). Let s = z + -1366. What are the prime factors of s?
11, 89
Let n = 993 + -496. Let v = n + 130. Suppose -3*w = 198 - v. List the prime factors of w.
11, 13
Suppose -2*h = -3*c + 19075, c = -3*h + 4*h + 6359. Suppose 13*z = c + 6383. List the prime factors of z.
2, 5, 7
Suppose 4475 = 3*f - 4*s + 6*s, 0 = -3*f + 4*s + 4505. List the prime factors of f.
5, 13, 23
Let c = 6070 + -3348. List the prime factors of c.
2, 1361
Let x = -108 + 108. Suppose -2*k + k + 253 = x. What are the prime factors of k?
11, 23
Suppose 1 = -3*a - 20. Let j = a + 8. List the prime factors of (-1 + 2)/j - -4.
5
Let i(d) = 16*d**2 + 4. Let u be i(-2). Let o = 114 - u. Suppose 20 = 6*x - o. List the prime factors of x.
11
Suppose -3*g = 4*o - 34737, -117*o + 114*o = -4*g + 46291. What are the prime factors of g?
5, 463
Suppose 33 - 18 = 5*b. Suppose 6*z - b*z - 492 = 0. Suppose 2*w - z = 2*q, 3*w + q - 340 + 106 = 0. List the prime factors of w.
79
Let l = -30949 + 47811. What are the prime factors of l?
2, 8431
Suppose -11*g = 6*g - 5253. Let y = 654 - g. What are the prime factors of y?
3, 5, 23
Let w(k) = -k**3 - 18*k**2 - 34*k + 9. Let b be w(-17). Suppose 2*t = p + 197, -3*p = 3*t - 5*p - b. What are the prime factors of t?
2, 3
List the prime factors of (-4 - (-91701)/(-6))*(-40)/25.
2, 5, 1223
Suppose -b = -2*d - 2 - 10, -8 = b + 3*d. Let p(l) = -3*l + b*l + 12*l**2 - 27*l**3 + 12*l**3 + 22 + 16*l**3. List the prime factors of p(-12).
2, 5
Suppose 5*g = s - 876 + 207, 0 = -3*s - 5*g + 1907. Let m = -477 + s. List the prime factors of m.
167
Let h be (12/(-10))/((-24)/200). What are the prime factors of ((-12)/h)/(69/(-18170))?
2, 79
Let r be 6/8 + 15/(-20). Suppose -9*z + r + 0 = 0. Suppose 2*p - 7*p + 5*t + 385 = 0, p - 4*t - 65 = z. What are the prime factors of p?
3
List the prime factors of 4/6*(-11532117)/(-982).
7829
Let j(m) = m**3 - 2*m**2 - m + 2. Let z be j(2). Suppose -o - o - o = z. Suppose -6*n + 1161 - 135 = o. List the prime factors of n.
3, 19
Let v(x) = -2*x**3 + x**2 - 1. Let c be v(-1). Let t = -519 + 522. Suppose -o - 82 - 15 = -c*l, 0 = t*l - 2*o - 145. List the prime factors of l.
7
Let h = -738 + 764. Let d be 34/3 + (-2)/6. Let m = h - d. What are the prime factors of m?
3, 5
Let v(a) = 27*a**2 - 38*a - 347. List the prime factors of v(-8).
5, 337
Suppose 0 = r - 575 + 161. Suppose -r + 476 = m. What are the prime factors of m?
2, 31
Let j = 11 - -6. Suppose -4*y - j = -1. What are the prime factors of -2 - (-28 + 0/y)?
2, 13
Suppose 19*x - 27*x = -5008. Let i = x - 420. List the prime factors of i.
2, 103
Suppose 3*i + l - 461 = 0, i - 52 = -5*l + 83. Let q = 101 - i. Let d = -44 - q. What are the prime factors of d?
2, 5
Suppose -5*i + 3*c = 207228, -4*c + 165812 = -4*i - 9*c. What are the prime factors of 3/6*3*i/(-99)?
2, 157
Let f(j) = -145*j + 360. Let k be f(3). Let n be (-441)/(-6)*2*1. Let p = k + n. What are the prime factors of p?
2, 3
Suppose 5*s - 29773 = -k, -4*s + 3*k + 23822 = 2*k. List the prime factors of (-12)/18 + s/9.
661
Suppose -8771 = -5*b - 7*k, 4*k = -2*b + 3*b - 1765. List the prime factors of b.
7, 251
Let n(k) = 1303*k**3 - 14*k**2 + 34*k + 14. What are the prime factors of n(4)?
2, 41659
Let r(i) = i**3 + 50*i**2 + 3*i + 58. List the prime factors of r(-40).
2, 13, 613
Suppose -2*b + 4*k + 9246 = 0, 4*b = -5*k + 9*k + 18476. What are the prime factors of b?
5, 13, 71
Let b(m) = -168*m**3 - 4*m**2 + 7*m - 4. Let c(p) = -84*p**3 - p**2 + 3*p - 2. Let r(k) = 2*b(k) - 5*c(k). List the prime factors of r(2).
2, 3, 5, 11
Let v = -165 - -168. Suppose 10*i = v*i + 1694. What are the prime factors of i?
2, 11
Let h(m) = 10*m + 29. Let r(b) = b**2 + 9*b + 3. Let x be r(-8). Let s be h(x). Let l = 4 - s. List the prime factors of l.
5
Let t(x) = 916*x - 1976. What are the prime factors of t(8)?
2, 3, 223
Suppose 93*q + 4*p - 22402 = 92*q, -16 = 2*p. List the prime factors of q.
2, 3, 3739
Let l(d) = 18*d + 5. Let j be l(4). Suppose 81*n = j*n + 16. Suppose -219 = -5*q + o + 285, n*q = 4*o + 400. What are the prime factors of q?
101
Suppose -o = -13*o + 780. Let w = o - -393. What are the prime factors of w?
2, 229
Suppose -r - 206159 = -4*i, 103097 = -24*i + 26*i + 3*r. What are the prime factors of i?
7, 37, 199
Let z(d) be t